{"id":4834,"date":"2020-11-10T04:18:27","date_gmt":"2020-11-10T03:18:27","guid":{"rendered":"https:\/\/dotation514.makila.ai\/?page_id=4834"},"modified":"2025-04-30T10:50:46","modified_gmt":"2025-04-30T14:50:46","slug":"nous-joindre","status":"publish","type":"page","link":"https:\/\/preprod-affichage.carrieresante.gouv.qc.ca\/11045119\/nous-joindre\/","title":{"rendered":"Nous joindre"},"content":{"rendered":"<div class=\"wpb-content-wrapper\">[vc_row full_width=\u00a0\u00bbstretch_row\u00a0\u00bb el_class=\u00a0\u00bbHeroNoPadding\u00a0\u00bb][vc_column]\n\t\t\t<section class=\" imagebg height-30 text-center\" data-gradient-bg=\"#34ACAA,#4A2785\">\n\t\t\t\t<div class=\"background-image-holder\"><\/div>\n\t\t\t\t<div class=\"container pos-vertical-center\">\n\t\t\t\t\t<div class=\"row\">\n\t\t\t\t\t\t<div class=\"col-sm-12\">[vc_column_text css=\u00a0\u00bb\u00a0\u00bb]\n<h1 style=\"text-align: left;\"><span style=\"color: #fff;\">Besoin d&rsquo;informations suppl\u00e9mentaires ?<\/span><\/h1>\n<p style=\"text-align: left;\"><span style=\"color: #fff;\">Il nous fera plaisir de r\u00e9pondre \u00e0 tes questions!<\/span><\/p>\n[\/vc_column_text]<\/div>\n\t\t\t\t\t<\/div><!--end of row-->\n\t\t\t\t<\/div><!--end of container-->\n\t\t\t<\/section>\n\t\t[\/vc_column][\/vc_row][vc_row content_placement=\u00a0\u00bbmiddle\u00a0\u00bb][vc_column css=\u00a0\u00bb.vc_custom_1602469209500{margin-top: 0px !important;margin-bottom: 0px !important;padding-top: 10px !important;padding-bottom: 10px !important;}\u00a0\u00bb][vc_raw_html css=\u00a0\u00bb\u00a0\u00bb]JTNDaDIlM0VWb3MlMjBpbmZvcm1hdGlvbnMlM0MlMkZoMiUzRSUwQSU1QmNvbnRhY3QtZm9ybS03JTIwaWQlM0QlMjI0ODgxJTIyJTIwdGl0bGUlM0QlMjJGb3JtdWxhaXJlJTIwUGFnZSUyMGNvbnRhY3QlMjIlNUQ=[\/vc_raw_html][\/vc_column][\/vc_row][vc_row full_width=\u00a0\u00bbstretch_row\u00a0\u00bb css=\u00a0\u00bb.vc_custom_1745263966090{margin-bottom: 0px !important;padding-top: 30px !important;padding-bottom: 30px !important;background-color: #F6F7F9 !important;}\u00a0\u00bb][vc_column css=\u00a0\u00bb.vc_custom_1744836590057{margin-top: 30px !important;margin-bottom: 30px !important;}\u00a0\u00bb][vc_column_text css=\u00a0\u00bb\u00a0\u00bb]<div class=\"wpb-content-wrapper\">[vc_row][vc_column width=\u00a0\u00bb1\/2&Prime;][vc_column_text css=\u00a0\u00bb\u00a0\u00bb]<iframe loading=\"lazy\" title=\"YouTube video player\" src=\"https:\/\/www.youtube-nocookie.com\/embed\/BFL0Wro7FMg?si=tzrj1oxMUFhRiy8K&amp;controls=0&amp;showinfo=0&amp;autoplay=0&amp;rel=0\" width=\"560\" height=\"315\" frameborder=\"0\" allowfullscreen=\"allowfullscreen\"><\/iframe>[\/vc_column_text][\/vc_column][vc_column width=\u00a0\u00bb1\/2&Prime;][vc_column_text css=\u00a0\u00bb\u00a0\u00bb]\n<h2>Pourquoi choisir le<br \/>\nCISSS du Bas-Saint-Laurent?<\/h2>\n[\/vc_column_text][vc_raw_html css=\u00a0\u00bb\u00a0\u00bb]JTNDdWwlMjBjbGFzcyUzRCUyMmN1c3RvbS1jaGVja2xpc3QlMjIlM0UlMEQlMEElMjAlMjAlMjAlMjAlM0NsaSUzRSUwRCUwQSUyMCUyMCUyMCUyMCUyMCUyMCUzQ3NwYW4lMjBjbGFzcyUzRCUyMmNoZWNrLWljb24lMjIlM0UlMEQlMEElMjAlMjAlMjAlMjAlMjAlMjAlMjAlMjAlM0NzdmclMjB4bWxucyUzRCUyMmh0dHAlM0ElMkYlMkZ3d3cudzMub3JnJTJGMjAwMCUyRnN2ZyUyMiUyMHdpZHRoJTNEJTIyMjYuNjQ1JTIyJTIwaGVpZ2h0JTNEJTIyMjYuNjQ1JTIyJTIwdmlld0JveCUzRCUyMjAlMjAwJTIwMjYuNjQ1JTIwMjYuNjQ1JTIyJTNFJTBEJTBBJTIwJTIwJTIwJTIwJTIwJTIwJTIwJTIwJTIwJTIwJTNDZGVmcyUzRSUwRCUwQSUyMCUyMCUyMCUyMCUyMCUyMCUyMCUyMCUyMCUyMCUyMCUyMCUzQ2NsaXBQYXRoJTIwaWQlM0QlMjJjbGlwLXBhdGglMjIlM0UlMEQlMEElMjAlMjAlMjAlMjAlMjAlMjAlMjAlMjAlMjAlMjAlMjAlMjAlMjAlMjAlM0NyZWN0JTIwd2lkdGglM0QlMjIyNi42NDUlMjIlMjBoZWlnaHQlM0QlMjIyNi42NDUlMjIlMjBmaWxsJTNEJTIyJTIzNjBiNGIzJTIyJTJGJTNFJTBEJTBBJTIwJTIwJTIwJTIwJTIwJTIwJTIwJTIwJTIwJTIwJTIwJTIwJTNDJTJGY2xpcFBhdGglM0UlMEQlMEElMjAlMjAlMjAlMjAlMjAlMjAlMjAlMjAlMjAlMjAlM0MlMkZkZWZzJTNFJTBEJTBBJTIwJTIwJTIwJTIwJTIwJTIwJTIwJTIwJTIwJTIwJTNDZyUyMGNsaXAtcGF0aCUzRCUyMnVybCUyOCUyM2NsaXAtcGF0aCUyOSUyMiUzRSUwRCUwQSUyMCUyMCUyMCUyMCUyMCUyMCUyMCUyMCUyMCUyMCUyMCUyMCUzQ3BhdGglMjBkJTNEJTIyTTIuODU1JTJDMjYuNjQ1QTIuODU2JTJDMi44NTYlMkMwJTJDMCUyQzElMkMwJTJDMjMuNzlWMi44NTVBMi44NTYlMkMyLjg1NiUyQzAlMkMwJTJDMSUyQzIuODU1JTJDMEgyMy43OWEyLjg1NiUyQzIuODU2JTJDMCUyQzAlMkMxJTJDMi44NTUlMkMyLjg1NVYyMy43OWEyLjg1NiUyQzIuODU2JTJDMCUyQzAlMkMxLTIuODU1JTJDMi44NTVaTTIyLjU2MiUyQzkuODY5YS45NTMuOTUzJTJDMCUyQzAlMkMwJTJDMC0xLjM0NUwyMS4yMTQlMkM3LjE3NmEuOTU2Ljk1NiUyQzAlMkMwJTJDMC0xLjM0NyUyQzBMMTAuOTQ1JTJDMTYuMSUyQzYuNzc4JTJDMTEuOTM0YS45NTMuOTUzJTJDMCUyQzAlMkMwLTEuMzQ1JTJDMEw0LjA4NSUyQzEzLjI4MmEuOTUzLjk1MyUyQzAlMkMwJTJDMCUyQzAlMkMxLjM0NWw2LjE4NCUyQzYuMTg3YS45NTkuOTU5JTJDMCUyQzAlMkMwJTJDMS4zNSUyQzBaJTIyJTIwZmlsbCUzRCUyMiUyMzYwYjRiMyUyMiUyRiUzRSUwRCUwQSUyMCUyMCUyMCUyMCUyMCUyMCUyMCUyMCUyMCUyMCUzQyUyRmclM0UlMEQlMEElMjAlMjAlMjAlMjAlMjAlMjAlMjAlMjAlM0MlMkZzdmclM0UlMEQlMEElMjAlMjAlMjAlMjAlMjAlMjAlM0MlMkZzcGFuJTNFJTBEJTBBJTIwJTIwJTIwJTIwJTIwJTIwVW4lMjBtaWxpZXUlMjBkeW5hbWlxdWUlMkMlMjBlbnJpY2hpc3NhbnQlMjBldCUyMHN0aW11bGFudCUwRCUwQSUyMCUyMCUyMCUyMCUzQyUyRmxpJTNFJTBEJTBBJTIwJTIwJTIwJTIwJTNDbGklM0UlMEQlMEElMjAlMjAlMjAlMjAlMjAlMjAlM0NzcGFuJTIwY2xhc3MlM0QlMjJjaGVjay1pY29uJTIyJTNFJTBEJTBBJTIwJTIwJTIwJTIwJTIwJTIwJTIwJTIwJTNDc3ZnJTIweG1sbnMlM0QlMjJodHRwJTNBJTJGJTJGd3d3LnczLm9yZyUyRjIwMDAlMkZzdmclMjIlMjB3aWR0aCUzRCUyMjI2LjY0NSUyMiUyMGhlaWdodCUzRCUyMjI2LjY0NSUyMiUyMHZpZXdCb3glM0QlMjIwJTIwMCUyMDI2LjY0NSUyMDI2LjY0NSUyMiUzRSUwRCUwQSUyMCUyMCUyMCUyMCUyMCUyMCUyMCUyMCUyMCUyMCUzQ2RlZnMlM0UlMEQlMEElMjAlMjAlMjAlMjAlMjAlMjAlMjAlMjAlMjAlMjAlMjAlMjAlM0NjbGlwUGF0aCUyMGlkJTNEJTIyY2xpcC1wYXRoJTIyJTNFJTBEJTBBJTIwJTIwJTIwJTIwJTIwJTIwJTIwJTIwJTIwJTIwJTIwJTIwJTIwJTIwJTNDcmVjdCUyMHdpZHRoJTNEJTIyMjYuNjQ1JTIyJTIwaGVpZ2h0JTNEJTIyMjYuNjQ1JTIyJTIwZmlsbCUzRCUyMiUyMzYwYjRiMyUyMiUyRiUzRSUwRCUwQSUyMCUyMCUyMCUyMCUyMCUyMCUyMCUyMCUyMCUyMCUyMCUyMCUzQyUyRmNsaXBQYXRoJTNFJTBEJTBBJTIwJTIwJTIwJTIwJTIwJTIwJTIwJTIwJTIwJTIwJTNDJTJGZGVmcyUzRSUwRCUwQSUyMCUyMCUyMCUyMCUyMCUyMCUyMCUyMCUyMCUyMCUzQ2clMjBjbGlwLXBhdGglM0QlMjJ1cmwlMjglMjNjbGlwLXBhdGglMjklMjIlM0UlMEQlMEElMjAlMjAlMjAlMjAlMjAlMjAlMjAlMjAlMjAlMjAlMjAlMjAlM0NwYXRoJTIwZCUzRCUyMk0yLjg1NSUyQzI2LjY0NUEyLjg1NiUyQzIuODU2JTJDMCUyQzAlMkMxJTJDMCUyQzIzLjc5VjIuODU1QTIuODU2JTJDMi44NTYlMkMwJTJDMCUyQzElMkMyLjg1NSUyQzBIMjMuNzlhMi44NTYlMkMyLjg1NiUyQzAlMkMwJTJDMSUyQzIuODU1JTJDMi44NTVWMjMuNzlhMi44NTYlMkMyLjg1NiUyQzAlMkMwJTJDMS0yLjg1NSUyQzIuODU1Wk0yMi41NjIlMkM5Ljg2OWEuOTUzLjk1MyUyQzAlMkMwJTJDMCUyQzAtMS4zNDVMMjEuMjE0JTJDNy4xNzZhLjk1Ni45NTYlMkMwJTJDMCUyQzAtMS4zNDclMkMwTDEwLjk0NSUyQzE2LjElMkM2Ljc3OCUyQzExLjkzNGEuOTUzLjk1MyUyQzAlMkMwJTJDMC0xLjM0NSUyQzBMNC4wODUlMkMxMy4yODJhLjk1My45NTMlMkMwJTJDMCUyQzAlMkMwJTJDMS4zNDVsNi4xODQlMkM2LjE4N2EuOTU5Ljk1OSUyQzAlMkMwJTJDMCUyQzEuMzUlMkMwWiUyMiUyMGZpbGwlM0QlMjIlMjM2MGI0YjMlMjIlMkYlM0UlMEQlMEElMjAlMjAlMjAlMjAlMjAlMjAlMjAlMjAlMjAlMjAlM0MlMkZnJTNFJTBEJTBBJTIwJTIwJTIwJTIwJTIwJTIwJTIwJTIwJTNDJTJGc3ZnJTNFJTBEJTBBJTIwJTIwJTIwJTIwJTIwJTIwJTNDJTJGc3BhbiUzRSUwRCUwQSUyMCUyMCUyMCUyMCUyMCUyMFVuZSUyMGV4cCVDMyVBOXJpZW5jZSUyMGRpdmVyc2lmaSVDMyVBOWUlMEQlMEElMjAlMjAlMjAlMjAlM0MlMkZsaSUzRSUwRCUwQSUyMCUyMCUyMCUyMCUzQ2xpJTNFJTBEJTBBJTIwJTIwJTIwJTIwJTIwJTIwJTNDc3BhbiUyMGNsYXNzJTNEJTIyY2hlY2staWNvbiUyMiUzRSUwRCUwQSUyMCUyMCUyMCUyMCUyMCUyMCUyMCUyMCUzQ3N2ZyUyMHhtbG5zJTNEJTIyaHR0cCUzQSUyRiUyRnd3dy53My5vcmclMkYyMDAwJTJGc3ZnJTIyJTIwd2lkdGglM0QlMjIyNi42NDUlMjIlMjBoZWlnaHQlM0QlMjIyNi42NDUlMjIlMjB2aWV3Qm94JTNEJTIyMCUyMDAlMjAyNi42NDUlMjAyNi42NDUlMjIlM0UlMEQlMEElMjAlMjAlMjAlMjAlMjAlMjAlMjAlMjAlMjAlMjAlM0NkZWZzJTNFJTBEJTBBJTIwJTIwJTIwJTIwJTIwJTIwJTIwJTIwJTIwJTIwJTIwJTIwJTNDY2xpcFBhdGglMjBpZCUzRCUyMmNsaXAtcGF0aCUyMiUzRSUwRCUwQSUyMCUyMCUyMCUyMCUyMCUyMCUyMCUyMCUyMCUyMCUyMCUyMCUyMCUyMCUzQ3JlY3QlMjB3aWR0aCUzRCUyMjI2LjY0NSUyMiUyMGhlaWdodCUzRCUyMjI2LjY0NSUyMiUyMGZpbGwlM0QlMjIlMjM2MGI0YjMlMjIlMkYlM0UlMEQlMEElMjAlMjAlMjAlMjAlMjAlMjAlMjAlMjAlMjAlMjAlMjAlMjAlM0MlMkZjbGlwUGF0aCUzRSUwRCUwQSUyMCUyMCUyMCUyMCUyMCUyMCUyMCUyMCUyMCUyMCUzQyUyRmRlZnMlM0UlMEQlMEElMjAlMjAlMjAlMjAlMjAlMjAlMjAlMjAlMjAlMjAlM0NnJTIwY2xpcC1wYXRoJTNEJTIydXJsJTI4JTIzY2xpcC1wYXRoJTI5JTIyJTNFJTBEJTBBJTIwJTIwJTIwJTIwJTIwJTIwJTIwJTIwJTIwJTIwJTIwJTIwJTNDcGF0aCUyMGQlM0QlMjJNMi44NTUlMkMyNi42NDVBMi44NTYlMkMyLjg1NiUyQzAlMkMwJTJDMSUyQzAlMkMyMy43OVYyLjg1NUEyLjg1NiUyQzIuODU2JTJDMCUyQzAlMkMxJTJDMi44NTUlMkMwSDIzLjc5YTIuODU2JTJDMi44NTYlMkMwJTJDMCUyQzElMkMyLjg1NSUyQzIuODU1VjIzLjc5YTIuODU2JTJDMi44NTYlMkMwJTJDMCUyQzEtMi44NTUlMkMyLjg1NVpNMjIuNTYyJTJDOS44NjlhLjk1My45NTMlMkMwJTJDMCUyQzAlMkMwLTEuMzQ1TDIxLjIxNCUyQzcuMTc2YS45NTYuOTU2JTJDMCUyQzAlMkMwLTEuMzQ3JTJDMEwxMC45NDUlMkMxNi4xJTJDNi43NzglMkMxMS45MzRhLjk1My45NTMlMkMwJTJDMCUyQzAtMS4zNDUlMkMwTDQuMDg1JTJDMTMuMjgyYS45NTMuOTUzJTJDMCUyQzAlMkMwJTJDMCUyQzEuMzQ1bDYuMTg0JTJDNi4xODdhLjk1OS45NTklMkMwJTJDMCUyQzAlMkMxLjM1JTJDMFolMjIlMjBmaWxsJTNEJTIyJTIzNjBiNGIzJTIyJTJGJTNFJTBEJTBBJTIwJTIwJTIwJTIwJTIwJTIwJTIwJTIwJTIwJTIwJTNDJTJGZyUzRSUwRCUwQSUyMCUyMCUyMCUyMCUyMCUyMCUyMCUyMCUzQyUyRnN2ZyUzRSUwRCUwQSUyMCUyMCUyMCUyMCUyMCUyMCUzQyUyRnNwYW4lM0UlMEQlMEElMjAlMjAlMjAlMjAlMjAlMjBVbiUyMHNhdm9pci1mYWlyZSUyMHBhcnRhZyVDMyVBOSUyMGVudHJlJTIwY29sbCVDMyVBOGd1ZXMlMEQlMEElMjAlMjAlMjAlMjAlM0MlMkZsaSUzRSUwRCUwQSUyMCUyMCUyMCUyMCUzQ2xpJTNFJTBEJTBBJTIwJTIwJTIwJTIwJTIwJTIwJTNDc3BhbiUyMGNsYXNzJTNEJTIyY2hlY2staWNvbiUyMiUzRSUwRCUwQSUyMCUyMCUyMCUyMCUyMCUyMCUyMCUyMCUzQ3N2ZyUyMHhtbG5zJTNEJTIyaHR0cCUzQSUyRiUyRnd3dy53My5vcmclMkYyMDAwJTJGc3ZnJTIyJTIwd2lkdGglM0QlMjIyNi42NDUlMjIlMjBoZWlnaHQlM0QlMjIyNi42NDUlMjIlMjB2aWV3Qm94JTNEJTIyMCUyMDAlMjAyNi42NDUlMjAyNi42NDUlMjIlM0UlMEQlMEElMjAlMjAlMjAlMjAlMjAlMjAlMjAlMjAlMjAlMjAlM0NkZWZzJTNFJTBEJTBBJTIwJTIwJTIwJTIwJTIwJTIwJTIwJTIwJTIwJTIwJTIwJTIwJTNDY2xpcFBhdGglMjBpZCUzRCUyMmNsaXAtcGF0aCUyMiUzRSUwRCUwQSUyMCUyMCUyMCUyMCUyMCUyMCUyMCUyMCUyMCUyMCUyMCUyMCUyMCUyMCUzQ3JlY3QlMjB3aWR0aCUzRCUyMjI2LjY0NSUyMiUyMGhlaWdodCUzRCUyMjI2LjY0NSUyMiUyMGZpbGwlM0QlMjIlMjM2MGI0YjMlMjIlMkYlM0UlMEQlMEElMjAlMjAlMjAlMjAlMjAlMjAlMjAlMjAlMjAlMjAlMjAlMjAlM0MlMkZjbGlwUGF0aCUzRSUwRCUwQSUyMCUyMCUyMCUyMCUyMCUyMCUyMCUyMCUyMCUyMCUzQyUyRmRlZnMlM0UlMEQlMEElMjAlMjAlMjAlMjAlMjAlMjAlMjAlMjAlMjAlMjAlM0NnJTIwY2xpcC1wYXRoJTNEJTIydXJsJTI4JTIzY2xpcC1wYXRoJTI5JTIyJTNFJTBEJTBBJTIwJTIwJTIwJTIwJTIwJTIwJTIwJTIwJTIwJTIwJTIwJTIwJTNDcGF0aCUyMGQlM0QlMjJNMi44NTUlMkMyNi42NDVBMi44NTYlMkMyLjg1NiUyQzAlMkMwJTJDMSUyQzAlMkMyMy43OVYyLjg1NUEyLjg1NiUyQzIuODU2JTJDMCUyQzAlMkMxJTJDMi44NTUlMkMwSDIzLjc5YTIuODU2JTJDMi44NTYlMkMwJTJDMCUyQzElMkMyLjg1NSUyQzIuODU1VjIzLjc5YTIuODU2JTJDMi44NTYlMkMwJTJDMCUyQzEtMi44NTUlMkMyLjg1NVpNMjIuNTYyJTJDOS44NjlhLjk1My45NTMlMkMwJTJDMCUyQzAlMkMwLTEuMzQ1TDIxLjIxNCUyQzcuMTc2YS45NTYuOTU2JTJDMCUyQzAlMkMwLTEuMzQ3JTJDMEwxMC45NDUlMkMxNi4xJTJDNi43NzglMkMxMS45MzRhLjk1My45NTMlMkMwJTJDMCUyQzAtMS4zNDUlMkMwTDQuMDg1JTJDMTMuMjgyYS45NTMuOTUzJTJDMCUyQzAlMkMwJTJDMCUyQzEuMzQ1bDYuMTg0JTJDNi4xODdhLjk1OS45NTklMkMwJTJDMCUyQzAlMkMxLjM1JTJDMFolMjIlMjBmaWxsJTNEJTIyJTIzNjBiNGIzJTIyJTJGJTNFJTBEJTBBJTIwJTIwJTIwJTIwJTIwJTIwJTIwJTIwJTIwJTIwJTNDJTJGZyUzRSUwRCUwQSUyMCUyMCUyMCUyMCUyMCUyMCUyMCUyMCUzQyUyRnN2ZyUzRSUwRCUwQSUyMCUyMCUyMCUyMCUyMCUyMCUzQyUyRnNwYW4lM0UlMEQlMEElMjAlMjAlMjAlMjAlMjAlMjBVbmUlMjByJUMzJUE5Z2lvbiUyMHBlcm1ldHRhbnQlMjBsYSUyMHByYXRpcXVlJTIwZGUlMjBzcG9ydHMlMjBkaXZlcnNpZmklQzMlQTlzJTJDJTNDYnIlM0UlMEQlMEElMjAlMjAlMjAlMjAlMjAlMjB0JUUyJTgwJTk5b2ZmcmFudCUyMHVuZSUyMGZvdWxlJTIwZGUlMjBzcGVjdGFjbGVzJTIwZXQlMjBkJUUyJTgwJTk5YWN0aXZpdCVDMyVBOXMlMjBjdWx0dXJlbGxlcyUwRCUwQSUyMCUyMCUyMCUyMCUzQyUyRmxpJTNFJTBEJTBBJTIwJTIwJTNDJTJGdWwlM0UlMEQlMEElMjAlMjA=[\/vc_raw_html][\/vc_column][\/vc_row]\n<\/div>[\/vc_column_text][\/vc_column][\/vc_row]\n<\/div>","protected":false},"excerpt":{"rendered":"Besoin d'informations suppl\u00e9mentaires ? Il nous fera plaisir de r\u00e9pondre \u00e0 tes questions! Vos informations Pr\u00e9nom* Nom* T\u00e9l\u00e9phone Courriel* Votre message Seules...","protected":false},"author":1,"featured_media":0,"parent":0,"menu_order":0,"comment_status":"closed","ping_status":"closed","template":"","meta":{"footnotes":""},"class_list":["post-4834","page","type-page","status-publish","hentry"],"_links":{"self":[{"href":"https:\/\/preprod-affichage.carrieresante.gouv.qc.ca\/11045119\/wp-json\/wp\/v2\/pages\/4834","targetHints":{"allow":["GET"]}}],"collection":[{"href":"https:\/\/preprod-affichage.carrieresante.gouv.qc.ca\/11045119\/wp-json\/wp\/v2\/pages"}],"about":[{"href":"https:\/\/preprod-affichage.carrieresante.gouv.qc.ca\/11045119\/wp-json\/wp\/v2\/types\/page"}],"author":[{"embeddable":true,"href":"https:\/\/preprod-affichage.carrieresante.gouv.qc.ca\/11045119\/wp-json\/wp\/v2\/users\/1"}],"replies":[{"embeddable":true,"href":"https:\/\/preprod-affichage.carrieresante.gouv.qc.ca\/11045119\/wp-json\/wp\/v2\/comments?post=4834"}],"version-history":[{"count":30,"href":"https:\/\/preprod-affichage.carrieresante.gouv.qc.ca\/11045119\/wp-json\/wp\/v2\/pages\/4834\/revisions"}],"predecessor-version":[{"id":44890,"href":"https:\/\/preprod-affichage.carrieresante.gouv.qc.ca\/11045119\/wp-json\/wp\/v2\/pages\/4834\/revisions\/44890"}],"wp:attachment":[{"href":"https:\/\/preprod-affichage.carrieresante.gouv.qc.ca\/11045119\/wp-json\/wp\/v2\/media?parent=4834"}],"curies":[{"name":"wp","href":"https:\/\/api.w.org\/{rel}","templated":true}]}}