{"id":4889,"date":"2020-11-18T16:34:33","date_gmt":"2020-11-18T15:34:33","guid":{"rendered":"https:\/\/dotation514.makila.ai\/?page_id=4889"},"modified":"2024-03-05T13:43:42","modified_gmt":"2024-03-05T18:43:42","slug":"alerte-emplois","status":"publish","type":"page","link":"https:\/\/preprod-affichage.carrieresante.gouv.qc.ca\/13623616\/alerte-emplois\/","title":{"rendered":"Alerte emplois"},"content":{"rendered":"<div class=\"wpb-content-wrapper\">[vc_section full_width=&#8221;stretch_row&#8221; css=&#8221;.vc_custom_1694380091300{margin: 0px !important;padding: 0px !important;}&#8221;][vc_row full_width=&#8221;stretch_row&#8221; css=&#8221;.vc_custom_1697488295809{margin-bottom: 10px !important;}&#8221;][vc_column]\n\t\t\t<section class=\" imagebg height-30 text-center\" data-gradient-bg=\"#FFFFFF\">\n\t\t\t\t<div class=\"background-image-holder\"><\/div>\n\t\t\t\t<div class=\"container pos-vertical-center\">\n\t\t\t\t\t<div class=\"row\">\n\t\t\t\t\t\t<div class=\"col-sm-12\">[vc_column_text]\n<h1 class=\"titre-section\" style=\"text-align: left;\"><span style=\"color: #000000;\">Abonne-toi aux alertes d&#8217;emplois pour ne rien manquer!<\/span><\/h1>\n<p style=\"text-align: left;\"><span style=\"color: #000000;\">Avec l\u2019alerte emplois, tu recevras un courriel lorsque de nouveaux emplois correspondant \u00e0 tes param\u00e8tres s\u2019afficheront sur le site.<\/span><br \/>\n<span style=\"color: #000000;\">Ne rate pas l\u2019occasion de postuler et de te joindre \u00e0 la plus grande \u00e9quipe en sant\u00e9 et services sociaux de la province!<\/span><span><\/span><\/p>\n[\/vc_column_text]<\/div>\n\t\t\t\t\t<\/div><!--end of row-->\n\t\t\t\t<\/div><!--end of container-->\n\t\t\t<\/section>\n\t\t[\/vc_column][\/vc_row][\/vc_section][vc_row content_placement=&#8221;middle&#8221;][vc_column css=&#8221;.vc_custom_1602469209500{margin-top: 0px !important;margin-bottom: 0px !important;padding-top: 10px !important;padding-bottom: 10px !important;}&#8221;][vc_raw_html]JTVCY29udGFjdC1mb3JtLTclMjBpZCUzRCUyMmRkMDFiNGQlMjIlMjB0aXRsZSUzRCUyMkFsZXJ0ZSUyMGVtcGxvaXMlMjIlNUQlMEE=[\/vc_raw_html][vc_column_text css=&#8221;.vc_custom_1709664218882{padding-top: 10px !important;}&#8221;]Pour vous d\u00e9sabonner des alertes emploi, veuillez <a href=\"https:\/\/preprod-affichage.carrieresante.gouv.qc.ca\/11045135\/desabonnement-des-alertes-emploi\/\">cliquer ici<\/a>.[\/vc_column_text][\/vc_column][\/vc_row]\n<\/div>","protected":false},"excerpt":{"rendered":"<p>[vc_section full_width=&#8221;stretch_row&#8221; css=&#8221;.vc_custom_1694380091300{margin: 0px !important;padding: 0px !important;}&#8221;][vc_row full_width=&#8221;stretch_row&#8221; css=&#8221;.vc_custom_1697488295809{margin-bottom: 10px !important;}&#8221;][vc_column][\/vc_column][\/vc_row][\/vc_section][vc_row content_placement=&#8221;middle&#8221;][vc_column css=&#8221;.vc_custom_1602469209500{margin-top: 0px !important;margin-bottom: 0px !important;padding-top: 10px !important;padding-bottom: 10px !important;}&#8221;][vc_raw_html]JTVCY29udGFjdC1mb3JtLTclMjBpZCUzRCUyMmRkMDFiNGQlMjIlMjB0aXRsZSUzRCUyMkFsZXJ0ZSUyMGVtcGxvaXMlMjIlNUQlMEE=[\/vc_raw_html][vc_column_text css=&#8221;.vc_custom_1709664218882{padding-top:&#8230;<\/p>\n","protected":false},"author":1,"featured_media":0,"parent":0,"menu_order":0,"comment_status":"closed","ping_status":"closed","template":"","meta":{"footnotes":""},"class_list":["post-4889","page","type-page","status-publish","hentry"],"_links":{"self":[{"href":"https:\/\/preprod-affichage.carrieresante.gouv.qc.ca\/13623616\/wp-json\/wp\/v2\/pages\/4889","targetHints":{"allow":["GET"]}}],"collection":[{"href":"https:\/\/preprod-affichage.carrieresante.gouv.qc.ca\/13623616\/wp-json\/wp\/v2\/pages"}],"about":[{"href":"https:\/\/preprod-affichage.carrieresante.gouv.qc.ca\/13623616\/wp-json\/wp\/v2\/types\/page"}],"author":[{"embeddable":true,"href":"https:\/\/preprod-affichage.carrieresante.gouv.qc.ca\/13623616\/wp-json\/wp\/v2\/users\/1"}],"replies":[{"embeddable":true,"href":"https:\/\/preprod-affichage.carrieresante.gouv.qc.ca\/13623616\/wp-json\/wp\/v2\/comments?post=4889"}],"version-history":[{"count":27,"href":"https:\/\/preprod-affichage.carrieresante.gouv.qc.ca\/13623616\/wp-json\/wp\/v2\/pages\/4889\/revisions"}],"predecessor-version":[{"id":22243,"href":"https:\/\/preprod-affichage.carrieresante.gouv.qc.ca\/13623616\/wp-json\/wp\/v2\/pages\/4889\/revisions\/22243"}],"wp:attachment":[{"href":"https:\/\/preprod-affichage.carrieresante.gouv.qc.ca\/13623616\/wp-json\/wp\/v2\/media?parent=4889"}],"curies":[{"name":"wp","href":"https:\/\/api.w.org\/{rel}","templated":true}]}}